rue
Let w be ((1*2)/1)/(48/3672). Suppose -2*c + 2*t + 170 = 0, 4*c + t = -c + 431. Let n = w - c. Is n a composite number?
False
Let s be (-4 - (-20)/3)/((-1)/(-603)). Suppose -2*z = 6*z - s. Is z composite?
True
Let n be (-1 - 0)/(1/65). Let p be (-13)/n + 3354/5. Let f = p - 412. Is f prime?
False
Let w(g) = -2354*g - 265. Is w(-4) composite?
False
Suppose 44*g - 579263 = -195627. Is g a composite number?
False
Suppose 0 = -4*n + 2*o + 2990, 8 + 2 = 2*o. Is n - (2*-3 + 3) a prime number?
False
Suppose -3*q = 808 - 28. Let k = -126 - q. Let g = 240 - k. Is g a composite number?
True
Is (-2)/(-17) - (-1281270)/170 prime?
True
Let u = -3569 - -9906. Is u a prime number?
True
Suppose 5*a - a + 2*a = 0. Suppose 11*m - 13357 + 696 = a. Is m prime?
True
Let g(m) = -154*m**3 - 10*m**2 - 12*m + 3. Is g(-6) composite?
True
Let x(v) = -3*v**3 - 15*v**2 - 4*v + 7. Let w be ((-2)/3)/((-4)/18). Suppose -2*f + w = -3*i + f, 2*i - 3*f - 3 = 0. Is x(i) a composite number?
False
Is 4/(-30) + 397285/75 composite?
False
Suppose -3*t = -5*c + 28046, -15 = -44*t + 39*t. Is c a prime number?
False
Let r be ((-1)/1 - 1)/(-2). Let s be (r - 262)*11/(-11). Suppose -3*q + s = -0*q. Is q prime?
False
Let j = 26281 + 1914. Is j a prime number?
False
Suppose -89*t - 930370 = -99*t. Is t a prime number?
False
Let k(j) = j + 3. Let x be k(1). Suppose -4*i + x*y - 2*y + 770 = 0, -5*i + 2*y = -961. Is i a prime number?
True
Let v be (5/2)/(1/6). Let o = v + -15. Suppose 5*z - 1103 = 2*g, 5*z + 4*g + 170 - 1279 = o. Is z a composite number?
True
Let a = -225 - -511. Suppose -3*d - 79 - 204 = 2*r, 5*d + 15 = 0. Let p = r + a. Is p prime?
True
Suppose 58*w - 717060 = 307858. Is w prime?
False
Let s be -120*((-24)/15)/1. Let i be s*9/(135/(-130)). Let q = i - -2451. Is q prime?
True
Is (-13 + 19)*3/(-6) - -3350 a composite number?
False
Let l(h) = 7*h + 743. Is l(0) composite?
False
Let u(h) = 28*h**2 - 8*h. Let n(z) = -1. Let i(q) = 3*n(q) + u(q). Is i(-5) a composite number?
True
Let a be (6/2)/(-19 - -20). Suppose a*w - 3*u - 589 = 377, -u - 1303 = -4*w. Is w a composite number?
True
Is 1/(76/20 - 4) - -4626 a composite number?
False
Let m = 592 + -329. Let n = -648 - m. Let w = -618 - n. Is w composite?
False
Let a(k) be the second derivative of -k**4/6 + k**3/3 + 521*k**2/2 - 6*k. Let v(d) = 3*d**2 - 2*d - 521. Let r(j) = 4*a(j) + 3*v(j). Is r(0) a prime number?
True
Suppose -346495 = -7*f - 62414. Is f a composite number?
False
Let u(r) = -3*r**2 + 9*r - 3. Let t(n) = -n**2 + n + 1. Let j(p) = -2*t(p) - u(p). Is j(9) prime?
True
Let o be -26*(4 + (-18)/4). Is 11*o/(-1 + 2) composite?
True
Suppose 3*d + 0*d - 6 = 0, 28 = 5*g + 4*d. Let j(p) = g*p + 53 - 2*p - 4*p + p. Is j(0) prime?
True
Is (-19)/(1064/(-77400)) + (-2)/14 composite?
True
Is -5 + -1 - (2106/13)/(-6) composite?
True
Let z(k) = -63*k - 4. Suppose w - 4*j - 13 = 0, -5*j - 5 + 0 = -5*w. Is z(w) a composite number?
True
Suppose -131*a + 130*a + 293 = 0. Is a a composite number?
False
Let r(g) = 6*g**2 + 8*g - 1. Let z(p) = p**2 + 1. Let f(n) = r(n) - 4*z(n). Let s(c) = -2*c + 1. Let h be s(-3). Is f(h) a composite number?
False
Suppose 0 = -2*b + 5*b - 63. Let k = -38 + b. Let u(x) = x**3 + 19*x**2 + 12*x + 5. Is u(k) a prime number?
True
Let v(a) = -38*a**3 + 2*a**2 - 4*a + 2. Let n be v(-7). Suppose -r + 7629 = 2*z, -4*z + 2*r + 2092 = -n. Is z prime?
False
Let s = -9 + 11. Suppose 5*b - 5*d = 430, -2*b + 163 = s*d - d. Is b composite?
False
Let l(m) = 5*m**3 + 8*m**2 - 32*m + 176. Is l(13) a prime number?
True
Let d(g) = 3650*g - 3. Is d(1) a prime number?
False
Suppose 5*x - 10 = 5*n, -2*x - 17 + 7 = 0. Let b(c) = -82*c - 33. Is b(n) composite?
False
Suppose 1972 = 3*j - 1802. Suppose -2*i + 1260 = -3*q + q, 2*i - j = 4*q. Is i composite?
False
Suppose 2*c + 11708 = 4*o, 3*o - 10534 = 4*c - 1753. Is o a composite number?
False
Let b(i) = 4*i**2 - 1. Let j be b(1). Let n be (-4)/j + 8394/18. Suppose -w = -4*h + 10 - n, 5*h - 2225 = -5*w. Is w composite?
True
Let x = -297 + 86. Let a = -90 - x. Is a a prime number?
False
Let i(j) = 21*j + 106. Is i(5) a prime number?
True
Let l be 3200854/342 + 2/(-9). Suppose 0 = 3*u - 2*n - l, -2*n - 12484 = -4*u + 2*n. Is u composite?
True
Let m(b) = 3*b**2 + 52*b - 65. Is m(22) prime?
True
Let f be (-32)/6*(-36 + (-3)/1). Suppose -4*a = -2*i - i + 645, -a = i - f. Is i a prime number?
True
Suppose 16133 = 4*n - 16983. Is n prime?
False
Let a(z) = -515*z**3 + 4*z**2 + 2*z - 5. Is a(-2) composite?
False
Let o = -1645 - -3772. Is o a composite number?
True
Let w = 13374 - 7707. Is w a prime number?
False
Suppose 0 = 5*c - 3*c - 3198. Suppose -c = 2*p - 5*p. Is p prime?
False
Let d(b) be the second derivative of 2*b**4/3 - 3*b**3/2 + 3*b**2 - 12*b. Is d(-5) a composite number?
False
Let w(k) = k. Let c(u) = -u**2 + 37*u + 19. Let n(i) = c(i) - 3*w(i). Is n(16) composite?
False
Suppose 10*b - 242618 = 420752. Is b a composite number?
False
Suppose 3*g - 5 = 1. Let x be g/(4/6) - -407. Let l = x + -153. Is l a prime number?
True
Suppose -3*d + 17 = 4*q, 2*q - 2*d - 8 = -4*d. Let y be q*1*(-9 + 10). Suppose y*u = 1051 + 234. Is u composite?
False
Let l(u) = -8*u**2 + u - 2. Let n be l(1). Is 3/(-9) + (-2856)/n prime?
True
Let h(b) = -2*b - 27. Let j be h(-11). Let i be (9/j)/((-6)/20). Is i/(-33) + 5790/22 composite?
False
Let x = 5423 + 423. Suppose 5840 = 5*n + 5*l, 0*n - x = -5*n - 3*l. Is n a composite number?
False
Suppose -2*f - 4*b - 340 = f, 8 = 4*b. Let n = f - -56. Let p = n + 107. Is p prime?
True
Suppose 10*k - 3140 = 5*k. Suppose o - k = -3*o. Is o a prime number?
True
Suppose 0 = 4*s - 8*s + 8. Suppose -s*g + 7 = 3. Suppose -y + 89 = -g. Is y a composite number?
True
Suppose 2293*l - 2285*l = 185272. Is l prime?
True
Let g = 326 - 275. Let c(t) = -54*t + 2. Let r be c(-4). Let l = g + r. Is l prime?
True
Is 3/9 + 3/((-36)/(-106328)) composite?
False
Let d = -20173 - -57954. Is d prime?
True
Let o = 23 - 38. Let m be 4/24*-2*o. Let k(a) = -a**3 + 7*a**2 + a - 2. Is k(m) composite?
False
Let q = 791 - 416. Suppose 3*t - q = 1296. Suppose d - 3*o = -2*d + 1671, 5*o + t = d. Is d prime?
True
Let z(k) = 291*k - 3. Let y(u) = -290*u + 3. Let q(i) = 4*y(i) + 5*z(i). Suppose -s + 18 + 0 = -4*j, 4*s - 2*j - 16 = 0. Is q(s) a prime number?
True
Suppose -32*b + 1139059 = -945325. Is b prime?
False
Let b be ((-5)/(-10))/(1/(-8)). Let a be b*((-4)/(-16))/(-1). Is a/((-1)/(-318)) - 1 a composite number?
False
Suppose 14394 = -5*o - o. Let r = -1564 - o. Is r a prime number?
False
Suppose 61*y - 66*y + 3*q = -94195, 37678 = 2*y + 5*q. Is y a prime number?
True
Let w = 2794 - 647. Is w a prime number?
False
Let x(o) = 1064*o + 28. Let u be x(3). Suppose -u = -3*g - 937. Is g a composite number?
False
Let y = -28 + 11. Let c = -14 - y. Suppose -c*x - 64 - 61 = -5*n, -115 = -5*n + x. Is n prime?
False
Suppose -3*x + 81942 = 3*q, 5*q = 7*q + 3*x - 54633. Is q a prime number?
False
Let d(i) = -6*i - 6. Let v be d(-4). Let h = -13 + v. Let m(u) = u**3 + 2*u - 2. Is m(h) a composite number?
True
Suppose -4*s + 422 = 3*v - 1971, 815 = v - 3*s. Is v a prime number?
False
Suppose 0 = 5*a - 15, -2*z + 5323 = 2*a + a. Is z composite?
False
Let o = 19509 - 8140. Is o composite?
False
Suppose -14973 = -2*l + 14661. Suppose 19*d - 8*d - l = 0. Is d composite?
True
Let h = -4138 - -1944. Let m = 3365 + h. Is m a composite number?
False
Let v(m) = -40782*m**3 - 19*m - 18. Is v(-1) prime?
False
Let y be 21/(-35)*(-30)/2. Let d(u) = 8 - y + u**2 - u + 8. Is d(-6) composite?
True
Suppose 0 = -c - c - 418. Let j be ((-4)/(-10)*27)/((-14)/420). Let a = c - j. Is a composite?
True
Let s = 9027 - -1927. Is s composite?
True
Let v(x) = -x**3 - 11*x**2 - 11*x - 8. Let g be v(-10). Suppose -2*m + 6*l + 1150 = 2*l, 4*m - g*l - 2288 = 0. Is m composite?
False
Suppose -19*o + 85 = -18*o. Is o composite?
True
Suppose 67*z - 933618 = 25*z. Is z a prime number?
True
Let u = 7 - 1. Suppose p + u*p = 15561. Suppose -p - 95 = -2*l + 4*f, 0 = -4*l + 4*f + 4616. Is l a composite number?
True
Suppose 3924063 = 43*d + 56*d. Is d a composite number?
True
Let k be 1/((-6)/44)*-6. Let s = k + 147. Is s composite?
False
Suppose c = 3*l - 13, l - 8 = -3. Suppose -z - d = -147, c*z - 3*d = -z + 453. Is z composite?
False